 = j. What is the highest common factor of 6 and q?
6
Let c(j) = 3*j**2 - 30*j - 57. Let m be c(15). Suppose k - 4*k = 3*o - m, 5*o - 235 = 4*k. What is the greatest common factor of 34 and o?
17
Suppose 0 = g - 8*g + 126. Suppose -720 = -g*u + 2*u. What is the greatest common factor of 255 and u?
15
Suppose -3*q + 7 = -z, 2*z - q + 29 = 5*z. Let b be (43 - -3) + 4/z*6. What is the greatest common divisor of b and 7?
7
Suppose -7*u = -8*u + 1. Let h be -6 + 174 + (-3)/u. What is the highest common divisor of h and 15?
15
Let i(g) = 2*g + 38. Let p be i(-19). Suppose -m + q = p, 5*q = -4*m + m. Suppose m = -2*y - 3*y + 60. Calculate the greatest common divisor of 8 and y.
4
Let k be (-1 + 1)/(0 - 2). Suppose 3*b + 6 = k, -5*f - b + 101 = 13. Suppose 65 = 45*r - 65 - 5. What is the greatest common divisor of f and r?
3
Suppose -87*r + 93*r - 18 = 0. Suppose -r*o - 12*q = -13*q - 62, 2*o - 39 = 3*q. What is the highest common factor of 6 and o?
3
Let r be -1053 - (-6)/(-4 - -10). Let z be (-20)/45 - r/18. What is the greatest common factor of 58 and z?
58
Suppose 3786 - 4866 = -6*h. What is the greatest common divisor of 1920 and h?
60
Let c = -105 - -130. Let b = 338 + -113. What is the greatest common divisor of b and c?
25
Let a(t) = 147*t**2 - 310*t - 15. Let x be a(3). What is the highest common factor of x and 294?
42
Let j be 45/20 + (-2)/8. Suppose 8 = -j*g, -3*g - 172 = -m - 38. Let f = m - 113. What is the greatest common factor of 9 and f?
9
Let v be ((-112)/(-4) - 7)*2*2/6. Calculate the greatest common factor of 8869 and v.
7
Suppose -25*v - 91145 + 245895 = 0. Calculate the greatest common divisor of 10 and v.
10
Suppose -2*d + 174 = -12*c + 11*c, 3*d = c + 259. Calculate the highest common factor of 29155 and d.
85
Let k be -8 - (-2)/(-2) - (-135200)/50. What is the highest common divisor of 55 and k?
55
Suppose -142*d = -16*d - 928 - 4616. Calculate the greatest common divisor of 5984 and d.
44
Let u be (1 + -10)*(-4 + 828/(-27)). What is the greatest common divisor of u and 897?
39
Let j(y) = -11*y - 101. Let n be j(-23). Suppose -4*f + 2*f - 5*a + 21 = 0, -4*f - 5*a + 37 = 0. What is the greatest common divisor of n and f?
8
Let z be (340/40)/(-2 - 1652/(-824)). What is the greatest common factor of z and 721?
103
Let j be 24/7*83496/1136. Calculate the highest common divisor of 12726 and j.
126
Let f be (12/(-3))/(4/(-42)). Suppose 230 - 102 = 71*g - 298. What is the greatest common factor of g and f?
6
Suppose -3*p = -4*v + 55, 4*p - 35 = -3*v - 0*p. Let n(o) = -5*o + v + 2 + 1. Let m be n(0). What is the greatest common factor of m and 48?
16
Let l = 2585 - 1135. Calculate the greatest common divisor of 100 and l.
50
Let g = -21248 + 21395. What is the highest common factor of g and 35427?
147
Suppose 15*z + 486 = 33*z. Let g be 340/36 + (-12)/z. What is the greatest common divisor of 324 and g?
9
Let u(a) = a**2 - 6*a + 12. Let f be u(3). Let n be (14/4 - -1)/(f/34). Calculate the greatest common factor of n and 6.
3
Suppose -5744 = -5*h - 2*r, -19*h + r - 1144 = -20*h. Calculate the greatest common factor of h and 160.
32
Let u be 4*13/(-65)*(-750)/4. Let n be 3367/28 - 2/8. Calculate the highest common factor of n and u.
30
Suppose -z + a = -7 - 9, 5*z - 96 = a. Let g(q) = 8 + 249*q - q**2 - 520*q + 242*q. Let u be g(-29). Calculate the highest common factor of z and u.
4
Let c be (198/22 - (-18)/(-16)) + (-2)/(-16). Let b be ((-57)/(-1))/((-3)/(-4)). Calculate the greatest common factor of b and c.
4
Suppose 24*i = -0*i + 96. Suppose -55*p + 52*p = -84. What is the highest common divisor of p and i?
4
Suppose 0 = -5*n + 5*z + 30, 4*n + z = 9 + 5. Suppose n*u = u + 405. What is the greatest common divisor of 30 and u?
15
Let z = 952 - -2365. Calculate the greatest common factor of 31 and z.
31
Let w = 6436 + -5711. What is the highest common divisor of w and 425?
25
Let h(n) = 3*n**2 - 73*n - 86. Let j be h(26). What is the highest common factor of j and 143?
11
Suppose 1352 = 3*h - 4*p, 0 = -9*p + 14*p + 10. Suppose 46*s = 53*s - h. Let d = 19 - 3. Calculate the highest common factor of s and d.
16
Suppose 28*q + 770 = 2*i + 33*q, -5*i = q - 1948. What is the highest common divisor of 845 and i?
65
Let b be 1 + 382/3*15/10. Let z(x) = -x**3 - 24*x**2 - 107*x - 12. Let k be z(-5). Calculate the highest common divisor of k and b.
48
Let d(s) = -8 + 24*s - 139 - 9. Let j be d(8). What is the greatest common divisor of j and 12?
12
Let r be 216/48 - ((-1)/3)/(2/3). Calculate the highest common factor of r and 2610.
5
Suppose -c + 5*d + 405 = 0, 5*c - 2*c = d + 1257. Suppose -2475*o + c = -2469*o. What is the highest common factor of o and 105?
35
Suppose -92*q + 111 + 127 = 54. Suppose -3*f + 1 = 7. Let l be -1 + 0 - (f - 15). What is the greatest common divisor of l and q?
2
Suppose 0 = 5*y - 2*f - 2*f - 538, 0 = f - 3. Let v = -92 - -11. Let u be -5*(v/15 + 1). Calculate the greatest common factor of y and u.
22
Let f = 4168 + -3925. What is the highest common factor of f and 891?
81
Suppose i - 3*i = -16. Suppose 158 = 5*t - 2*z, -4*t - 383 = 4*z - 515. Calculate the highest common divisor of t and i.
8
Suppose 10*s - 344 = 96. Calculate the highest common divisor of s and 2497.
11
Suppose 0 = 13*r + 1061 - 4454. Let k(f) = f**3 - 14*f**2 - 11*f - 31. Let c be k(15). Calculate the highest common factor of r and c.
29
Suppose 23*n - 7312 = -19*n + 2936. What is the greatest common divisor of n and 3111?
61
Let l be (-1886)/(-14) - (-50)/175. Calculate the greatest common divisor of l and 1161.
27
Let b = 13 - 8. Let s = 83249 + -83234. Calculate the highest common factor of s and b.
5
Suppose 2*g - 4 = 0, -2*g - 85 + 19 = -5*n. Let k(v) = -21*v + 49. Let y be k(2). What is the greatest common factor of n and y?
7
Suppose 2*a - 15 + 3 = 0. Suppose -2*i = -3*n - 15, 0 = 2*i - n - a - 3. Suppose 24 = -i*k + 81. What is the highest common factor of k and 95?
19
Let r(n) = 2*n**3 - 23*n**2 - 17*n + 443. Let y be r(16). What is the greatest common divisor of y and 55?
55
Let z(o) = -o + 8. Let u be z(-26). Suppose -u*i + 38*i = 324. What is the greatest common factor of i and 72?
9
Suppose -182*a + 17986 = -181*a. Calculate the greatest common divisor of a and 34.
34
Let z = -8360 + 10505. What is the highest common factor of z and 165?
165
Let n(l) = l**2 + 98*l + 2631. Let b be n(-50). Calculate the greatest common factor of 15 and b.
3
Suppose 4*x + 32242 = a, -17*a + 64484 = -15*a + 4*x. What is the highest common factor of 94 and a?
94
Let v(m) = m**2 + m. Let b be v(-2). Let u be (b/(-8))/(6/24). Let y = 34 - u. What is the highest common divisor of 140 and y?
35
Let s be (-2*(-8)/(-10))/((-12784)/255 + 50). Calculate the highest common factor of s and 18276.
12
Let t be (6/21 - 0)/((-65)/(-4550)) + 4. Suppose -4*a - a = 5*b - 145, 3 = -a. What is the highest common factor of b and t?
8
Let f = -3156 - -3279. Suppose -3*x = 2*x - 15. What is the highest common divisor of f and x?
3
Let i(h) = h**2 - 11*h + 15. Let j be i(19). Let y = 173 - j. Let t = 74 - 20. What is the highest common factor of y and t?
6
Suppose 5*i - 5*l - 215 = 0, 20*l + 136 = 3*i + 16*l. What is the greatest common factor of i and 4680?
36
Let l be (1/3)/((-5)/(-75)). Suppose -69*d + 68*d + 45 = -l*s, -2*d + 104 = -3*s. What is the highest common divisor of d and 44?
11
Let v = 33 - 29. Let n be (v/(-8))/((-5)/(-680)). Let p = -67 - n. Calculate the greatest common divisor of 2 and p.
1
Suppose 4*n - 1310 = 2*b, 4*n - 866 - 454 = 4*b. Let d = 63 + -38. Calculate the highest common divisor of n and d.
25
Suppose 5*n + 653 = -3*v + 2083, 3*n - 2*v = 877. Let c = 441 - n. Calculate the greatest common factor of c and 8.
8
Let n(x) = -x**3 - 6*x**2 - 7*x - 4. Let i(s) = -2*s - 55. Let v be i(-25). Let y be n(v). What is the highest common factor of y and 4?
2
Suppose -1888 = -l - 3*y, 2*l - 3074 - 742 = 4*y. Calculate the highest common divisor of l and 1026.
38
Let w = -731 - 193. Let s = -854 - w. Calculate the highest common divisor of 1085 and s.
35
Let d = -4281 - -4937. Calculate the highest common divisor of 80 and d.
16
Let c(r) = -45*r**3 - 4*r**2 - 4*r - 2. Let w be c(-2). Let l be ((-4)/10)/((-7)/w). Let b = 21387 - 21327. Calculate the hig